16*v - 149. Give p(-23).
12
Let y(l) = 14*l + 8. Calculate y(2).
36
Let d(p) = p**3 + 4*p**2 + 12. Calculate d(-5).
-13
Let j(d) = 2*d + 27. Give j(-28).
-29
Let d(t) = -t**2 - 7*t + 44. What is d(4)?
0
Let a(r) = 16*r + 3. Determine a(-3).
-45
Let a(c) = -28*c**3 + 3*c**2 + 2*c - 1. Give a(-2).
231
Let a(h) = -3*h**2 + 57*h + 3. Give a(19).
3
Let r(n) = -n**2 + 6*n + 5. Give r(6).
5
Let f(t) = 14*t - 233. Give f(17).
5
Let v(l) = -9*l**3 - l**2 - 5*l - 4. What is v(-1)?
9
Let r(m) = -m**3 - 7*m**2 - 4*m + 14. Calculate r(-5).
-16
Let c(l) = -l**3 - 7*l**2 + 2. What is c(-6)?
-34
Let d(j) = -9*j + 81. Give d(15).
-54
Let m(a) = 3*a**2 + a - 1. Give m(0).
-1
Let u(p) = -7*p + 1. Calculate u(2).
-13
Let u(p) = p**2 - 3*p - 33. Calculate u(8).
7
Let j(i) = -i**3 + 28*i**2 + 3*i - 93. What is j(28)?
-9
Let r(o) = 6*o - 9. Determine r(1).
-3
Let w(b) = -b**2 + 12. Give w(-8).
-52
Let y(x) = -3*x**3 - 47*x**2 + 20*x + 65. Determine y(-16).
1
Let t(r) = -r**2 - 4*r + 13. Determine t(-5).
8
Let p(c) = c + 5. What is p(-9)?
-4
Let g(f) = -f**3 - 16*f**2 - 56*f - 13. Give g(-11).
-2
Let t(l) = -l**3 + 4*l**2 + 2*l - 5. Determine t(4).
3
Let x(g) = 9*g**3 - g**2 + 3*g - 1. What is x(1)?
10
Let m(t) = t**2 - 12*t + 11. Determine m(6).
-25
Let l(q) = -q**2 + 3*q + 18. What is l(6)?
0
Let m(i) = i**3 + 5*i**2 - 3*i + 5. Calculate m(-6).
-13
Let j(a) = -a**2 + 16*a + 28. Calculate j(17).
11
Let p(z) = -z - 1. Calculate p(4).
-5
Let w(p) = p**3 - 16*p**2 - 18*p - 2. What is w(17)?
-19
Let r(c) = -11*c - 1. Determine r(4).
-45
Let q(z) = 2*z**3 - 20*z**2 - 23*z + 3. Give q(11).
-8
Let y(k) = 14*k + 136. What is y(-11)?
-18
Let r(p) = -3*p - 5. Calculate r(-5).
10
Let p(i) = -i**3 - 10*i**2 + 5*i + 12. Give p(-10).
-38
Let i(c) = c - 19. Calculate i(9).
-10
Let z(p) = 2*p - 8. Determine z(-1).
-10
Let b(j) = -j**3 - 2*j**2 - 4*j - 13. What is b(-3)?
8
Let q(w) = w + 17. Calculate q(-7).
10
Let m(s) = -4*s + 17. Determine m(6).
-7
Let n(r) = -r**2 - 10*r - 5. Determine n(-9).
4
Let b(v) = -33*v**3 + 3*v + 2. Calculate b(-1).
32
Let n(x) = x**3 - 2*x**2 - 15*x - 4. What is n(-3)?
-4
Let m(z) = -z**3 + 4*z**2 + 1. What is m(3)?
10
Let f(t) = -t**3 + t**2 + t - 1. Calculate f(0).
-1
Let u(m) = -19*m - 161. What is u(-8)?
-9
Let h(y) = y**2 + 43. Determine h(0).
43
Let m(h) = 2*h**3 - 15*h**2 + 8*h - 1. Determine m(7).
6
Let t(x) = -2*x**2 - 6*x. Give t(-4).
-8
Let j(k) = k**2 - 8*k + 2. Give j(4).
-14
Let j(r) = 9*r**2 + 3*r + 2. Determine j(-3).
74
Let q(n) = 5*n**2 + 3*n - 43. Determine q(-5).
67
Let x(y) = -y**2 - y - 23. What is x(-11)?
-133
Let m(p) = -4*p**2 - 101*p - 21. Determine m(-25).
4
Let n(k) = -k**3 - 5*k**2 + 4*k + 9. Give n(-5).
-11
Let k(z) = z**3 - 12*z**2 - 13*z + 7. What is k(13)?
7
Let b(q) = q**3 - 19*q**2 + 17*q + 5. Determine b(18).
-13
Let s(p) = -4*p + 6. Give s(6).
-18
Let a(j) = 2*j**2 - 14*j + 42. What is a(5)?
22
Let w(n) = -n**2 - 1. What is w(-6)?
-37
Let s(m) = -m**3 - 4*m**2 - 4*m - 4. Give s(-3).
-1
Let j(s) = -41*s + 133. What is j(4)?
-31
Let o(d) = -d**2 - 13*d - 1. Calculate o(-9).
35
Let k(i) = -8*i - 39. Determine k(-4).
-7
Let h(u) = 2*u**2 - 21*u + 66. What is h(7)?
17
Let h(w) = -w**3 + 3*w**2 + 3*w. Calculate h(4).
-4
Let n(w) = w**3 + 6*w**2 - 5*w + 3. Determine n(-6).
33
Let y(k) = -42*k - 466. What is y(-11)?
-4
Let z(q) = -q - 49. What is z(-22)?
-27
Let w(k) = -10*k + 379. Calculate w(37).
9
Let u(f) = -f + 21. Determine u(10).
11
Let v(n) = -7*n + 11. What is v(5)?
-24
Let k(j) = -12*j + 5. What is k(1)?
-7
Let i(t) = t**3 + 21*t**2 - 24*t - 40. Determine i(-22).
4
Let q(n) = 2*n - 1. What is q(-2)?
-5
Let c(d) = d**2 + 15*d - 30. What is c(-16)?
-14
Let x(z) = -z + 2. What is x(-7)?
9
Let i(v) = v**3 - v**2 - 3*v + 2. Give i(2).
0
Let n(m) = 7*m**2 + 48*m + 30. Give n(-6).
-6
Let q(h) = -h**3 + 4*h**2 - 3*h - 1. Give q(3).
-1
Let q(i) = 2*i**2 - 22*i + 9. Calculate q(10).
-11
Let u(z) = z**3 + 13*z**2 - 2*z - 27. Give u(-13).
-1
Let u(v) = 7*v + 1. Determine u(1).
8
Let u(p) = p**2 + 40*p + 262. Determine u(-32).
6
Let b(r) = -r**2 - 18*r - 53. Calculate b(-11).
24
Let m(y) = 2*y**3 - 17*y**2 - 7*y - 38. What is m(9)?
-20
Let b(m) = -m**2 - m. Calculate b(2).
-6
Let k(o) = 7*o + 1. Calculate k(2).
15
Let u(t) = -5*t + 1. Calculate u(3).
-14
Let x(z) = -z**3 + z**2 - z + 3. What is x(5)?
-102
Let a(d) = -2*d. Determine a(3).
-6
Let h(y) = -4*y - 21. Determine h(-5).
-1
Let b(c) = c**2 - 10*c + 24. Calculate b(6).
0
Let t(d) = -4*d**3 - 4*d**2 + 4*d - 3. Calculate t(2).
-43
Let n(i) = -i**2 + 5*i + 5. Determine n(7).
-9
Let z(r) = r**2 + 22*r - 27. Give z(-22).
-27
Let c(j) = -5*j**3 + j**2 + 2*j. Calculate c(-2).
40
Let h(o) = o**3 + 2*o**2 - 12*o + 15. Determine h(3).
24
Let q(j) = -17*j - 32. Determine q(-2).
2
Let m(z) = z**3 - 13*z**2 + 14*z - 8. What is m(12)?
16
Let r(a) = -a**3 + 6*a**2 + 2*a - 6. Determine r(6).
6
Let d(h) = h**3 - 7*h**2 + 10*h - 19. Determine d(5).
-19
Let w(y) = -2*y**2 - 11*y - 7. What is w(-4)?
5
Let g(n) = -3*n**2 + 27*n + 9. Determine g(9).
9
Let w(r) = -4*r - 12. Determine w(-4).
4
Let t(m) = -m**2 + m + 6. Determine t(3).
0
Let y(r) = 2*r**3 + 4*r**2 - 3*r + 4. Determine y(-4).
-48
Let k(u) = 5*u - 51. Determine k(14).
19
Let z(l) = -99*l - 200. What is z(-2)?
-2
Let m(h) = -9*h + 76. Determine m(8).
4
Let u(i) = i**2 + 17*i - 81. What is u(-18)?
-63
Let t(k) = -k**3 + 7*k**2 + 17*k + 14. Calculate t(9).
5
Let p(q) = -8*q + 12. Determine p(0).
12
Let j(o) = 3*o - 93. Give j(36).
15
Let h(n) = n - 40. What is h(17)?
-23
Let z(x) = 16*x**3 - x**2 + x + 2. What is z(-1)?
-16
Let h(o) = -2*o**3 + o**2 + 6*o - 8. Give h(1).
-3
Let g(o) = 37*o**2 - o. Give g(-1).
38
Let z(g) = g**2 - 4*g - 3. Calculate z(7).
18
Let x(r) = -5*r - 3. Give x(-5).
22
Let f(o) = o**3 - 3*o**2 - 2*o - 12. Determine f(4).
-4
Let c(y) = -y**3 + 33. Give c(0).
33
Let w(u) = -4*u - 60. Calculate w(-16).
4
Let y(z) = z**2 - 12*z - 53. What is y(12)?
-53
Let y(h) = 32*h. What is y(1)?
32
Let t(g) = 2*g**2 - 16*g + 5. What is t(7)?
-9
Let i(c) = 3*c**2 - 19*c + 11. Determine i(5).
-9
Let w(d) = -6*d - 26. Calculate w(-8).
22
Let h(r) = r**3 + 37*r**2 - 119*r + 37. Calculate h(-40).
-3
Let d(q) = -6*q**2 + 7*q + 5. Determine d(-4).
-119
Let i(q) = -2*q**2 - 9*q + 4. Calculate i(-3).
13
Let b(l) = l**3 + 12*l**2 + 15*l + 34. Give b(-11).
-10
Let n(w) = -w**2 - 70*w - 66. Calculate n(-69).
3
Let l(j) = 9*j**3 + 4*j**2 + 2*j - 2. Calculate l(-1).
-9
Let g(r) = 99*r**3 + r**2 - r - 1. Determine g(1).
98
Let s(y) = -y**3 - y**2 - y - 27. Determine s(0).
-27
Let s(m) = -18*m - 52. Determine s(-6).
56
Let l(b) = 8*b + 58. Give l(-18).
-86
Let b(s) = -s**2 - 5*s + 3. Calculate b(-5).
3
Let p(g) = -g**3 + 19*g**2 + 17*g + 57. Calculate p(20).
-3
Let v(a) = a**3 + 3*a**2 - 2*a + 14. Calculate v(-4).
6
Let m(t) = -t**2 + 12*t - 21. Calculate m(15).
-66
Let g(j) = -j**2 + 13*j - 36. Give g(5).
4
Let s(t) = -4*t - 104. What is s(-21)?
-20
Let a(d) = -d**3 - 19*d**2 - 16*d + 41. Determine a(-18).
5
Let x(q) = 2*q**3 + 3*q**2 - 9*q + 6. Calculate x(-5).
-124
Let y(v) = v**3 + 6*v**2 + 4*v - 1. Calculate y(-2).
7
Let k(x) = -3*x + 51. Determine k(25).
-24
Let m(q) = 32*q + 7. Calculate m(1).
39
Let n(d) = 14*d**3 + 3*d**2 - d. Give n(1).
16
Let m(x) = 6*x + 146. Give m(-23).
8
Let z(l) = -l**3 - 10*l**2 - 14*l + 10. Determine z(-8).
-6
Let w(v) = 7*v**2 - 2*v - 4. What is w(-2)?
28
Let n(f) = f**2 - 2*f - 13. Determine n(3).
-10
Let s(q) = 4*q - 118. Give s(27).
-10
Let c(r) = r**2 - 9*r - 12. Determine c(-5).
58
Let v(h) = 2*h**3 + 26*h**2 - 29*h - 18. Determine v(-14).
-4
Let g(m) = -m**3 + 6*m**2 - 5*m - 2. Give g(4).
10
Let y(h) = 9*h + 2. Calculate y(1).
11
Let c(y) = 2*y**2 + y + 3. Calculate c(-3).
18
Let r(g) = g**3 + 5*g**2 - 5*g + 5. Calculate r(-6).
-1
Let y(p) = p**3 - 11*p**2 + 14*p - 8. Give y(10).
32
Let a(v) = -v**2 - 20*v - 84. What is a(-7)?
7
Let s(n) = 3*n**2 - 3*n - 4. Calculate s(2).
2
Let l(k) = -5*k + 38. Determine l(19).
-57
Let a(k) = 5*k + 28. What is a(-9)?
-17
Let h(x) = -x**3 - 3*x**2 + 13*x + 38. Give h(-3).
-1
Let b(x) = 11*x + 249. What is b(-21)?
18
Let h(f) = -f**3 + 4*f**2 + 3*f + 4. Determine h(5).
-6
Let o(c) = c**2 + 15*c + 4. What is o(-15)?
4
Let d(q) = -7*q + 57. Determine d(8).
1
Let r